j(a) be the second derivative of a**5/20 - 3*a**4/4 - 7*a**3/6 - 2*a**2 - 116*a + 1. Calculate j(9).
-67
Let m(p) = p**3 - 2*p**2 + 14*p + 4. Let o(k) = k**3 + k**2 + 4*k. Let x(u) = m(u) - 2*o(u). Give x(-5).
-1
Suppose -10*n - 3*v = -9*n - 16, -2*n + 2*v = -24. Let o(y) = 4*y + 0*y + 17 - 4*y + y - n. Give o(6).
10
Let d(c) = -1 - c + 0*c - 5. Let o be (90/(-60))/((-11)/(-66)). What is d(o)?
3
Let w(m) be the second derivative of 1/15*m**5 + 0 + 0*m**3 + 19/6*m**4 + 0*m**2 - 1/720*m**6 - 33*m. Let b(u) be the third derivative of w(u). Determine b(11).
-3
Let p(b) = b - 6. Let m = 70 + -103. Let n = -29 - m. Let l be 0 - (16/(-4) + n). What is p(l)?
-6
Let y = -83 + 80. Let k be (3 + y)*(4 - (-7)/(-2)). Let z(t) = 7*t + 608 + k*t**3 - 615 + t**3 - 7*t**2. Calculate z(6).
-1
Let f(k) = -4*k**2 + 6*k + 14. Let y(j) = 6*j**2 - 13*j - 29. Let s(l) = -5*f(l) - 3*y(l). Calculate s(-4).
13
Let q(n) = -n**3 - 3*n**2 + 3*n + 3. Let h(d) = d**2 - 8*d - 4. Let t be h(9). Suppose -2 = t*b - 37. Suppose -3*o + b = 19. Give q(o).
7
Suppose -1190 = -42*h - 75*h + 32*h. Let w(t) = t**2 - 16*t - 28. Calculate w(h).
-56
Let h(m) = 3*m**2 - m. Let w(d) = 17*d**2 - 3*d + 5. Let c(f) = -6*h(f) + w(f). Determine c(-2).
-5
Let a(j) be the third derivative of -j**6/120 + 2*j**5/5 + 53*j**4/24 - 8*j**3/3 + 309*j**2 + 7*j. Determine a(26).
10
Let q(v) = v**2 - 33*v + 50. Let a be q(34). Suppose -16*c - a = -30*c. Let b(r) = 2*r + 3. Determine b(c).
15
Let l(s) be the third derivative of 11*s**4/24 - 41*s**3/6 - 8*s**2 - 14. Calculate l(4).
3
Let k(c) be the third derivative of 4*c - 4*c**2 + 0 - 1/20*c**5 + 1/24*c**4 - 1/6*c**3. What is k(1)?
-3
Suppose -3*n - 3*i + 4 + 11 = 0, -3*i + 11 = -n. Let g(b) = n + 3*b - 4 - b. What is g(-3)?
-9
Let n(a) be the third derivative of -a**7/2520 + a**6/144 + a**5/10 + 13*a**2. Let k(d) be the third derivative of n(d). Let j be 1/4 - 135/(-20). Give k(j).
-9
Let c(l) = l**2 - 4*l + 5. Let t be c(4). Let a(r) be the first derivative of -18 - 3/2*r**2 + 5*r. Calculate a(t).
-10
Let i(h) = -3*h**2 - 18*h - 13. Let t(y) = -y**2 - 6*y - 4. Let o = 197 + -190. Let q(x) = o*t(x) - 2*i(x). Determine q(-4).
6
Let b = -18 - -18. Suppose -2 = -n - q, n = -b*q + q - 8. Let t be (-16)/n - (-24)/36 - 0. Let x(r) = -2*r**2 + 10*r - 9. Determine x(t).
-21
Let o(a) = 5*a**2 - 12*a + 7. Let y(m) = m**2 + 4. Let k(q) = -o(q) + 6*y(q). Let n be k(-11). Let c(x) = -x**3 + 6*x**2 + x + 2. Determine c(n).
8
Let l be -3 + (4 - (3 - 3)). Let i(d) be the second derivative of -1/2*d**2 + 0 + 1/6*d**3 + 13/20*d**5 - 39*d - 1/12*d**4. What is i(l)?
12
Let a(y) = 3*y**2 + 14*y - 17. Let l be a(-7). Suppose 38*s - l*s + 18 = 0. Let x(j) be the second derivative of j**3/2 - j**2/2 - j. Determine x(s).
-10
Let u(g) be the second derivative of -g**5/20 + 4*g**4/3 + 25*g**3/6 - 33*g**2/2 - 1781*g. What is u(17)?
103
Let x be (-1 - (-8)/5) + 31842/305. Let r(w) = -55*w + x*w + 1 - 53*w. Calculate r(-4).
13
Let q(k) = 232*k - 2535. Let d be q(11). Let c(w) = -2*w**3 + 34*w**2 + w - 20. Determine c(d).
-3
Let u(m) = -m**2 - 16*m - 31. Suppose -299*i + 108*i - 2483 = 0. Determine u(i).
8
Let y(q) = 156*q + 0 + 4 - q**2 - 164*q - 1. Let t(w) = w**3 - 12*w**2 - 14*w + 4. Let f be t(13). Calculate y(f).
-6
Let h(v) be the second derivative of v**7/2520 - 7*v**6/720 + v**5/15 - v**4/6 + 4*v**2 + 2*v + 19. Let b(y) be the third derivative of h(y). Calculate b(6).
2
Let c(y) = 8 + 4*y**2 - 6 - 3*y - y**3 - 1. Suppose 5*g - 19 = -5*a + 6, -2 = -g. Let p be c(a). Let h(j) = 8*j**3. Determine h(p).
8
Let j(q) be the second derivative of -q**5/20 + 3*q**4/2 - 2*q**3 - 43*q**2 - 5*q + 19. Give j(17).
-1
Suppose 48 = 4*p + 40. Let s(g) = -10*g**3 + 6 + p*g**3 + 3*g**3 + 6*g**3 + 2*g - 6*g**2. Calculate s(5).
-9
Let i(r) = -3*r - 161 + 5*r + 158 + r**2 + 2*r - 5*r + 5*r**3. What is i(-1)?
-6
Let d(j) = 38*j - 31. Let g(h) = -13*h + 11. Let q(y) = 6*d(y) + 17*g(y). Let v be ((-1)/(-2))/(15/20)*-3. Let p be (3/(-12))/(v/8)*-1. What is q(p)?
-6
Let p(d) = 2*d**3 - 27*d**2 - 14*d. Let s(t) = t + 71. Let w(g) = -9*g - 84. Let m be w(-3). Let y be s(m). Give p(y).
0
Let m(a) = 6*a**3 - 2*a - 1. Suppose -5*i - 26 = -t, -2*t = 2*i - 6 - 22. Suppose t*x + 4 + 12 = 0. What is m(x)?
-5
Let i(h) = 10*h - 14. Let c = -5914 + 5916. Calculate i(c).
6
Let p = -9 + 17. Let j be 3 + ((-4)/(-4) - p). Let t(k) = 9*k + 44. Let v(y) = 15*y + 72. Let a(l) = 13*t(l) - 8*v(l). Give a(j).
8
Suppose -116*g + 108 = -134*g. Let w(v) = -5 + 191*v - 386*v + 9 + 193*v. Determine w(g).
16
Let j = -5889 + 5875. Let v(l) = 8*l + 94. Give v(j).
-18
Let j(z) = -z**3 - 19*z**2 + 20*z + 3. Let s be j(-20). Let m(t) = -6*t**2 + 2*t - 3 + 2*t**2 - 3*t**2 - 4*t**2 + 10*t**2. Calculate m(s).
-6
Let g(a) = a**3 - 17*a**2 + 19*a - 28. Let u(y) = -117*y - 803. Let q be u(-7). Determine g(q).
20
Let w(k) = k + 12. Let p(v) = v**3 + 14*v**2 - 41*v + 38. Let d be p(-18). Let y be 4760/d - (-2)/(-13)*-1. Calculate w(y).
3
Let n(f) = -2*f + 7. Let w(v) = -5*v - 19. Let p be w(-10). Let j = p - 21. Suppose u + j = k, -4*k + 18 = -u - 10. What is n(k)?
-5
Let w be (15/(-12))/((-2)/(-4 + -4)). Let u(x) = 28*x + 21. Determine u(w).
-119
Suppose 18 = -13*d + 70. Let s(b) = 3*b**2 + 13*b - 19. Let c(o) = -4*o**2 - 13*o + 20. Let f(h) = d*c(h) + 5*s(h). Determine f(12).
-3
Suppose -l = 5*o + l - 4, -3*o + 5*l = -21. Let d(a) = -3*a - 5 + 7 - o. Let m be 76/114 + ((-4)/(-18) - (-3)/27). Give d(m).
-3
Let h(x) = -x**3 + 9*x**2 - 8*x + 2. Let c be -6 + (-528)/(-8) + -3. Suppose c*j + 8 = 58*j. Give h(j).
2
Let n(p) = -p**2 - 7*p + 3. Let y(u) be the first derivative of u**4/4 + u**3/3 - 9*u**2/2 - 16*u + 55. Let v be y(-3). Determine n(v).
3
Let r be (-9 + 5)/((-1)/(-4)). Let h = -4 - r. Suppose -8*t + 28 = -h*t. Let i(s) = -s. What is i(t)?
7
Let c(f) = 2*f**2 + 11*f + 6. Let n be c(-6). Suppose 0 = n*z - 8*z - 4. Let b(o) = -z + 22*o - 19*o + 0. Give b(-2).
-7
Let f(u) be the third derivative of -7*u**4/12 + 172*u**3/3 + 48*u**2 - 27. What is f(25)?
-6
Let i(z) = -10*z**3 + 6*z**2 - 6*z + 16. Let d(p) = 5 - 2*p + 2*p**2 + 1 - 1 - 3*p**3. Let w = 104 - 102. Let n(v) = w*i(v) - 7*d(v). Calculate n(2).
1
Let b = -48 + 48. Suppose -10 = -b*o - 5*o. Let y(t) = -o - 7*t - 4 + t**2 + 13. What is y(6)?
1
Let k(o) = -3*o + 15. Suppose 0 = f - 3*n - 14, 3*n + 12 = 2*f - 1. Let i be 4 - (-1 + 0 + f). What is k(i)?
-3
Let j(o) be the first derivative of o**4/12 - 5*o**3/3 - 139*o**2/2 + o - 217. Let r(z) be the second derivative of j(z). Calculate r(8).
6
Let d(n) = n**3 - 26*n**2 + n + 6. Suppose -8*u = -6*u - 8*u + 156. Determine d(u).
32
Let g(y) = -5*y + 2. Let f(o) = -11*o + 5. Let d(s) = -4*f(s) + 9*g(s). Suppose -15*l - 88 - 87 = 35. What is d(l)?
12
Suppose 24*k - 25*k - 72 = 0. Let b = k + 158. Let s = -90 + b. Let o(x) = -x**2 - 2*x + 2. Give o(s).
-6
Suppose -71 = 144*f - 148*f - 3*z, -5*f + 103 = -z. Let x(l) = -2*l**2 + 40*l + 10. Determine x(f).
10
Let c(t) = -t**2 - 7*t + 5. Let d(z) be the second derivative of z**4/12 + z**3 - 23*z**2/2 + z - 48. Let j be d(-8). Give c(j).
5
Suppose 0*a = 3*p + 3*a + 3, -4*a + 17 = -3*p. Let m = 605 - 603. Let l(w) = -m*w + 818 - 821 - 4*w + 4*w. Determine l(p).
3
Suppose 3*o - 4*o = 0, 5*o + 30 = 5*m. Suppose -5*t + m*d = d - 35, 0 = -2*t - 5*d - 21. Suppose -59*p + t = -61*p. Let h(f) = -4*f - 1. Calculate h(p).
3
Let y(s) = -s**3 + 9*s**2 - 10*s + 10. Let p be y(8). Let v(h) be the second derivative of -h**5/20 - 5*h**4/12 + 4*h**3/3 + 5*h**2/2 + 109*h. Give v(p).
-7
Let v(f) = -25*f**2 - 35 - 109*f + 111*f + f**3 - 26*f. Give v(26).
17
Let y = -1780 + 1797. Let s(f) = -f**3 + 17*f**2 - 14. Determine s(y).
-14
Let m(h) = 3*h + 5. Let f = -70 - -520. Let n = f - 459. What is m(n)?
-22
Let q(j) = -152*j - 5. Let h(a) = -128*a - 4. Let k(r) = -6*h(r) + 5*q(r). What is k(0)?
-1
Let a(g) be the second derivative of -g**4/12 + 4*g**3/3 + 79*g**2 - 392*g - 1. Determine a(17).
5
Let k(o) = -o**3 - 3*o**2 + 5*o + 5. Let j(h) = h**2 + 21*h + 45. Let z be j(-19). Suppose l = 3*x + 5, -3*l + z*x = 3*x. Calculate k(l).
1
Let z(h) = -h**3 + 3*h**2 + h. Let o be 194 - -9*(-6 + 156/27). Let i = o - 189. What is z(i)?
3
Let u(y) = -y + 17. Let a be u(-33). Suppose -26*d + a*d = 0. Let t(s) = -s**2 + s - 3. Cal